
Calculate the remainder when 47271 is divided by 152.
151
Calculate the remainder when 72027 is divided by 323.
321
Calculate the remainder when 9834 is divided by 1403.
13
What is the remainder when 500143 is divided by 22733?
17
Calculate the remainder when 4458 is divided by 237.
192
Calculate the remainder when 238364 is divided by 171.
161
What is the remainder when 19223 is divided by 22?
17
Calculate the remainder when 7962 is divided by 9.
6
What is the remainder when 89657 is divided by 251?
50
What is the remainder when 1813 is divided by 306?
283
Calculate the remainder when 16123 is divided by 552.
115
What is the remainder when 14033 is divided by 1169?
5
Calculate the remainder when 2927 is divided by 351.
119
Calculate the remainder when 15561 is divided by 4.
1
Calculate the remainder when 6575 is divided by 122.
109
Calculate the remainder when 120203 is divided by 189.
188
Calculate the remainder when 46935 is divided by 1684.
1467
Calculate the remainder when 197604 is divided by 1243.
1210
Calculate the remainder when 470522 is divided by 571.
18
Calculate the remainder when 2551 is divided by 86.
57
Calculate the remainder when 208 is divided by 168.
40
What is the remainder when 1791 is divided by 30?
21
Calculate the remainder when 104814 is divided by 138.
72
Calculate the remainder when 24277 is divided by 187.
154
What is the remainder when 86585 is divided by 6?
5
Calculate the remainder when 746 is divided by 225.
71
Calculate the remainder when 2087997 is divided by 928.
925
Calculate the remainder when 1911 is divided by 27.
21
What is the remainder when 103001 is divided by 315?
311
Calculate the remainder when 500079 is divided by 22.
19
What is the remainder when 9918 is divided by 84?
6
What is the remainder when 285777 is divided by 43?
42
Calculate the remainder when 69936 is divided by 103.
102
What is the remainder when 1315 is divided by 1082?
233
Calculate the remainder when 5198 is divided by 325.
323
What is the remainder when 1394253 is divided by 883?
879
What is the remainder when 16194 is divided by 5?
4
Calculate the remainder when 596571 is divided by 46.
43
What is the remainder when 43199 is divided by 120?
119
What is the remainder when 18316 is divided by 6055?
151
What is the remainder when 560719 is divided by 652?
651
What is the remainder when 18855 is divided by 325?
5
Calculate the remainder when 34947 is divided by 24.
3
Calculate the remainder when 574953 is divided by 1091.
1087
Calculate the remainder when 53331 is divided by 935.
36
What is the remainder when 293340 is divided by 23?
21
What is the remainder when 11374 is divided by 207?
196
What is the remainder when 226349 is divided by 28291?
21
Calculate the remainder when 26079 is divided by 275.
229
Calculate the remainder when 179984 is divided by 8181.
2
Calculate the remainder when 958 is divided by 416.
126
Calculate the remainder when 4205 is divided by 10.
5
Calculate the remainder when 55612 is divided by 22.
18
Calculate the remainder when 80344 is divided by 19.
12
Calculate the remainder when 39057 is divided by 831.
0
Calculate the remainder when 465 is divided by 205.
55
What is the remainder when 8558 is divided by 61?
18
What is the remainder when 251037 is divided by 93?
30
What is the remainder when 51709 is divided by 442?
437
What is the remainder when 143959 is divided by 143958?
1
What is the remainder when 3850785 is divided by 3?
0
Calculate the remainder when 161132 is divided by 116.
8
What is the remainder when 112250 is divided by 9354?
2
Calculate the remainder when 24012 is divided by 923.
14
Calculate the remainder when 3163 is divided by 1578.
7
What is the remainder when 436453 is divided by 915?
913
Calculate the remainder when 6897 is divided by 34.
29
What is the remainder when 115 is divided by 47?
21
What is the remainder when 664196 is divided by 200?
196
What is the remainder when 536560 is divided by 41?
34
What is the remainder when 2499 is divided by 1129?
241
What is the remainder when 153224 is divided by 31?
22
Calculate the remainder when 38062 is divided by 41.
14
What is the remainder when 5224 is divided by 374?
362
Calculate the remainder when 14462 is divided by 4774.
140
Calculate the remainder when 961 is divided by 118.
17
Calculate the remainder when 8982 is divided by 638.
50
What is the remainder when 58016 is divided by 988?
712
Calculate the remainder when 5712 is divided by 4.
0
Calculate the remainder when 132708 is divided by 1923.
21
What is the remainder when 15247 is divided by 282?
19
Calculate the remainder when 8620 is divided by 1420.
100
What is the remainder when 609 is divided by 609?
0
What is the remainder when 3632 is divided by 359?
42
What is the remainder when 5972 is divided by 184?
84
What is the remainder when 197219 is divided by 15?
14
Calculate the remainder when 278579 is divided by 134.
127
What is the remainder when 367460 is divided by 22?
16
Calculate the remainder when 34898 is divided by 309.
290
Calculate the remainder when 829 is divided by 313.
203
What is the remainder when 32666 is divided by 151?
50
What is the remainder when 4857 is divided by 1585?
102
What is the remainder when 2156 is divided by 219?
185
Calculate the remainder when 339659 is divided by 222.
221
What is the remainder when 1788 is divided by 284?
84
What is the remainder when 547374 is divided by 481?
477
What is the remainder when 9097 is divided by 20?
17
Calculate the remainder when 89507 is divided by 134.
129
Calculate the remainder when 10773 is divided by 191.
77
What is the remainder when 5957 is divided by 990?
17
Calculate the remainder when 123113 is divided by 33.
23
What is the remainder when 6687 is divided by 477?
9
Calculate the remainder when 930 is divided by 267.
129
Calculate the remainder when 281478 is divided by 18.
12
What is the remainder when 2337 is divided by 15?
12
Calculate the remainder when 178175 is divided by 4815.
20
Calculate the remainder when 3174 is divided by 454.
450
Calculate the remainder when 17378 is divided by 155.
18
What is the remainder when 6406 is divided by 36?
34
Calculate the remainder when 17999 is divided by 366.
65
What is the remainder when 5286 is divided by 124?
78
What is the remainder when 45628 is divided by 27?
25
Calculate the remainder when 1358 is divided by 227.
223
Calculate the remainder when 30250 is divided by 82.
74
Calculate the remainder when 74847 is divided by 1055.
997
What is the remainder when 212098 is divided by 113?
110
What is the remainder when 131 is divided by 115?
16
What is the remainder when 34695 is divided by 100?
95
What is the remainder when 922991 is divided by 336?
335
What is the remainder when 28971 is divided by 2228?
7
Calculate the remainder when 8373 is divided by 2763.
84
What is the remainder when 89308 is divided by 22326?
4
Calculate the remainder when 125903 is divided by 62942.
19
Calculate the remainder when 25609 is divided by 85.
24
What is the remainder when 54441 is divided by 45?
36
What is the remainder when 9628 is divided by 36?
16
Calculate the remainder when 6876 is divided by 22.
12
What is the remainder when 9379 is divided by 3122?
13
What is the remainder when 29001 is divided by 117?
102
What is the remainder when 83808 is divided by 21?
18
Calculate the remainder when 17277 is divided by 157.
7
What is the remainder when 9063 is divided by 1108?
199
What is the remainder when 200 is divided by 64?
8
What is the remainder when 50323 is divided by 547?
546
What is the remainder when 17996 is divided by 51?
44
Calculate the remainder when 11046 is divided by 2591.
682
Calculate the remainder when 1089 is divided by 104.
49
Calculate the remainder when 191090 is divided by 17368.
42
What is the remainder when 36087 is divided by 90?
87
What is the remainder when 31919 is divided by 1679?
18
Calculate the remainder when 72470 is divided by 93.
23
What is the remainder when 21028 is divided by 35?
28
What is the remainder when 584509 is divided by 8?
5
What is the remainder when 1377 is divided by 286?
233
Calculate the remainder when 89035 is divided by 44491.
53
What is the remainder when 783812 is divided by 156757?
27
What is the remai